{"id":93,"date":"2014-06-11T15:22:13","date_gmt":"2014-06-11T13:22:13","guid":{"rendered":"http:\/\/chiusi.jura.uni-saarland.de\/WP\/?page_id=93"},"modified":"2024-04-01T20:09:05","modified_gmt":"2024-04-01T18:09:05","slug":"sekretariat","status":"publish","type":"page","link":"http:\/\/chiusi.jura.uni-saarland.de\/?page_id=93","title":{"rendered":"Sekretariat \/ Kontakt"},"content":{"rendered":"<p><strong>Sandra Feit<\/strong><br \/>\nTelefon: 0681\/302-2145<br \/>\nTelefax: 0681\/302-4335<br \/>\nE-Mail: <a href=\"mailto:lehrstuhl.chiusi@mx.uni-saarland.de\">lehrstuhl.chiusi@mx.uni-saarland.de <\/a><\/p>\n<p><strong>\u00d6ffnungszeiten<\/strong><br \/>\nMontag und Freitag<br \/>\n9.00 Uhr &#8211; 12.00 Uhr<br \/>\nDienstag, Mittwoch und Donnerstag<br \/>\n8.30 Uhr &#8211; 12.30 Uhr<br \/>\n13.00 Uhr &#8211; 17.00 Uhr<\/p>\n<p><strong>Postanschrift<\/strong><br \/>\nUniversit\u00e4t des Saarlandes<br \/>\nLehrstuhl f\u00fcr Zivilrecht, R\u00f6misches Recht und Europ\u00e4ische Rechtsvergleichung<br \/>\nProf. Dr. Dr. h.c. Tiziana J. Chiusi<br \/>\nPostfach<br \/>\n15 11 50<br \/>\n66041 Saarbr\u00fccken<\/p>\n<p><strong>Paketzustellung<\/strong><br \/>\nLehrstuhl f\u00fcr Zivilrecht, R\u00f6misches Recht und Europ\u00e4ische Rechtsvergleichung<br \/>\nCampus<br \/>\nGeb. B 4.1., 2. Obergeschoss<br \/>\nZimmer-Nr. 2.74.1<br \/>\n66123 Saarbr\u00fccken<\/p>\n<p><strong>Lageplan<\/strong><br \/>\nDen Lehrstuhl finden Sie im 2. Obergeschoss des Geb\u00e4udes B4.1.<\/p>\n<p><a href=\"http:\/\/chiusi.jura.uni-saarland.de\/WP\/wp-content\/uploads\/2014\/06\/lageplanuni.jpg\"><img loading=\"lazy\" decoding=\"async\" class=\"alignnone size-full wp-image-94\" src=\"http:\/\/chiusi.jura.uni-saarland.de\/WP\/wp-content\/uploads\/2014\/06\/lageplanuni.jpg\" alt=\"lageplanuni\" width=\"770\" height=\"584\" srcset=\"http:\/\/chiusi.jura.uni-saarland.de\/WP\/wp-content\/uploads\/2014\/06\/lageplanuni.jpg 770w, http:\/\/chiusi.jura.uni-saarland.de\/WP\/wp-content\/uploads\/2014\/06\/lageplanuni-300x227.jpg 300w\" sizes=\"auto, (max-width: 770px) 100vw, 770px\" \/><\/a><\/p>\n","protected":false},"excerpt":{"rendered":"<p>Sandra Feit Telefon: 0681\/302-2145 Telefax: 0681\/302-4335 E-Mail: lehrstuhl.chiusi@mx.uni-saarland.de \u00d6ffnungszeiten Montag und Freitag 9.00 Uhr &#8211; 12.00 Uhr Dienstag, Mittwoch und Donnerstag 8.30 Uhr &#8211; 12.30 Uhr 13.00 Uhr &#8211; 17.00 Uhr Postanschrift Universit\u00e4t des Saarlandes Lehrstuhl f\u00fcr Zivilrecht, R\u00f6misches Recht und Europ\u00e4ische Rechtsvergleichung Prof. Dr. Dr. h.c. Tiziana J. Chiusi Postfach 15 11 50 66041 &hellip; <a href=\"http:\/\/chiusi.jura.uni-saarland.de\/?page_id=93\" class=\"more-link\"><span class=\"screen-reader-text\">Sekretariat \/ Kontakt<\/span> weiterlesen <span class=\"meta-nav\">&rarr;<\/span><\/a><\/p>\n","protected":false},"author":1,"featured_media":0,"parent":0,"menu_order":0,"comment_status":"closed","ping_status":"closed","template":"","meta":{"footnotes":""},"class_list":["post-93","page","type-page","status-publish","hentry"],"_links":{"self":[{"href":"http:\/\/chiusi.jura.uni-saarland.de\/index.php?rest_route=\/wp\/v2\/pages\/93","targetHints":{"allow":["GET"]}}],"collection":[{"href":"http:\/\/chiusi.jura.uni-saarland.de\/index.php?rest_route=\/wp\/v2\/pages"}],"about":[{"href":"http:\/\/chiusi.jura.uni-saarland.de\/index.php?rest_route=\/wp\/v2\/types\/page"}],"author":[{"embeddable":true,"href":"http:\/\/chiusi.jura.uni-saarland.de\/index.php?rest_route=\/wp\/v2\/users\/1"}],"replies":[{"embeddable":true,"href":"http:\/\/chiusi.jura.uni-saarland.de\/index.php?rest_route=%2Fwp%2Fv2%2Fcomments&post=93"}],"version-history":[{"count":18,"href":"http:\/\/chiusi.jura.uni-saarland.de\/index.php?rest_route=\/wp\/v2\/pages\/93\/revisions"}],"predecessor-version":[{"id":1384,"href":"http:\/\/chiusi.jura.uni-saarland.de\/index.php?rest_route=\/wp\/v2\/pages\/93\/revisions\/1384"}],"wp:attachment":[{"href":"http:\/\/chiusi.jura.uni-saarland.de\/index.php?rest_route=%2Fwp%2Fv2%2Fmedia&parent=93"}],"curies":[{"name":"wp","href":"https:\/\/api.w.org\/{rel}","templated":true}]}}